p - p - 14. Let s(z) = 5*z**2 - 6*z - 16. Is s(p) composite?
False
Let s = 13 + 24. Suppose -5*a + 280 = -x, a - x = 3*x + s. Let y = a + -26. Is y a composite number?
False
Suppose 0 = -3*m - 4*a + 1241, m - 2*a - 106 = 301. Is m composite?
True
Let n(w) = w**2 - 4*w - 3. Let j be n(5). Is (1 + -3 - -6) + j composite?
True
Let r(w) = -2*w - 2*w + 7 - 2. Let g(d) = d - 7. Let s be g(3). Is r(s) composite?
True
Let s(a) = 20*a + 5. Let b(g) = -59*g - 15. Let d(j) = 6*b(j) + 17*s(j). Let t be (-6)/12 - 11/2. Is d(t) composite?
False
Let x be (-8)/32 - (-2481)/4. Suppose -4*w + 2*w + x = 0. Let r = w - 99. Is r a composite number?
False
Let w = -405 + 1040. Is w prime?
False
Let o = -75 + 124. Is o composite?
True
Suppose -5*t + 14380 = 2*i, -3*t + 2810 + 5844 = -4*i. Is t a prime number?
False
Let s(t) = 4*t + 5669. Is s(0) a composite number?
False
Let k(h) = -28*h - 5. Is k(-6) prime?
True
Let j = 6 - 4. Suppose -j*d - d + 6 = 0. Is ((-3)/(-6))/(d/76) composite?
False
Let l be (-2 + 0)/(4/6). Let i be (-1)/(l + 2) + 1. Suppose -5*k - i*d + 49 = -0*d, -3*k + 42 = -3*d. Is k a prime number?
True
Suppose -6*z + 2*z + 6211 = 3*o, -5*z = -5*o + 10375. Is o a prime number?
False
Suppose -4*j - 3*n = -818, -2*j + 0*n = n - 408. Is j composite?
True
Suppose x = 382 + 15. Is x composite?
False
Let y be (-6)/(-9) - 20/(-6). Suppose y*j = 2460 - 200. Is j prime?
False
Let i(h) = 5*h**3 - 8*h**2 + h + 7. Let q(g) = -14*g**3 + 24*g**2 - 4*g - 21. Let r(m) = 11*i(m) + 4*q(m). Is r(6) a composite number?
True
Let f = 0 - 0. Let m(b) = 5*b**2 - 2*b - 5. Let s be m(-3). Suppose f*t + 92 = 2*t + 5*n, -t + 2*n = -s. Is t composite?
True
Let m(n) = -n**2 + 4*n + 3. Suppose -3*w + 2*o + 18 = w, -o = 4*w - 15. Suppose -b = -w*b + 12. Is m(b) a prime number?
True
Suppose 4*n = -18 - 30. Let o = -20 + n. Let m = 95 - o. Is m a composite number?
False
Let a = 91 + -61. Let q be (1 + 0/(-2))*0. Suppose q = -0*t + 5*t - a. Is t composite?
True
Suppose -89*k + 92*k = 138. Is k a composite number?
True
Suppose -4*h - p + 190 = -3*h, 5*h = p + 932. Is h a composite number?
True
Suppose 12 + 39 = -3*l. Let w = 10 + l. Is (0 + (-14)/2)*w a composite number?
True
Suppose -4*s - 1452 = 1124. Let l = -433 - s. Is l a composite number?
False
Suppose 6*y = 5*w + y, 0 = 3*w - 5*y + 4. Suppose -4*i + 66 = 3*k - 791, -5*k = w*i - 1419. Let x = k + -200. Is x a prime number?
True
Let c = -117 + 196. Is c a composite number?
False
Let h(z) = 2*z**3 - z**2 + 2*z - 1. Let f be h(1). Suppose -p = -3*d - 2*d + 390, -f*p - 10 = 0. Is d composite?
True
Suppose -4*z + 2*z + 26 = 2*t, -3*t + 5*z = -31. Let g be 2/(-6) + 2500/t. Suppose g + 187 = 5*h. Is h composite?
False
Let x(i) = i**2 - 2*i. Let a be x(2). Suppose f + 2*f - 597 = a. Suppose -5*c - 117 = -2*j - 10, 4*j + 5*c = f. Is j composite?
True
Suppose -4*x - 378 = h, 5*x + 485 = h + 4*h. Is 7 + -2 + -3 - x a composite number?
False
Suppose -2*w = -0*w - 8. Suppose 83 = -w*a - 29. Let x = a + 42. Is x a prime number?
False
Let t be 1 - -2 - (-1 + 2). Is (t + -379 - -3)/(-2) prime?
False
Let g be 5*-1*24/20. Is 2*(3 + (-273)/g) a prime number?
True
Suppose 0 = 2*u - 77 - 37. Suppose 3*m - 54 = u. Is m a composite number?
False
Suppose 4*s = 4, 0 = 5*g + s - 7 - 14. Suppose 0 = 3*p + k - 143, p = -g*k + 58 - 3. Suppose p = 4*w + 3. Is w a composite number?
False
Let q be 10/3*(-96)/20. Is q/56 - 219/(-7) a prime number?
True
Let g(c) = 2*c - 5. Let n be g(4). Is ((-2802)/9)/((-2)/n) a prime number?
True
Let t(a) = -248*a - 11. Is t(-5) a prime number?
True
Let x(f) = 6*f - 4. Let b be x(5). Let m(r) = r**3 - 7*r**2 - 9*r - 1. Let q be m(8). Let c = b - q. Is c a prime number?
False
Let p = 687 - 8. Is p a prime number?
False
Let f(g) = -2*g**3 + g**2 - 2*g + 1. Let d be f(1). Let x = 6 + d. Suppose -x*i + 31 - 3 = 0. Is i prime?
True
Suppose 0 = -q - r - 4*r + 4, -4*r - 16 = -4*q. Suppose 4*m + 7696 = -4*z + 2348, z - 5368 = q*m. Is 6/(-15) - m/15 prime?
True
Let u = -5 + 5. Suppose -s + 119 = -u*s. Is s a prime number?
False
Suppose -4*b = 2*r - 2 + 8, 4*r - 5*b = 27. Suppose 0 = r*k - k - 30. Is k composite?
True
Suppose -10 = -5*c, 0*v = -4*v + 4*c + 1476. Is v a prime number?
False
Suppose 3*q = 6 + 6. Suppose 21 = q*t + 3*t. Is t a composite number?
False
Let v = -35 + 37. Let p = -1 - -3. Suppose 2*o - 4*o + p*s = -16, -v*o + 5*s = -28. Is o composite?
True
Let b be 554/4 - (-3)/6. Let f = -18 + b. Is f composite?
True
Suppose 5*j + 6 - 26 = 0. Suppose -280 = j*y - 9*y. Suppose 76 = 4*q - y. Is q a composite number?
True
Suppose 0 = 3*p + 2*p, 3*p = -4*k + 8. Suppose k*q + 5*h = 7*q - 85, 0 = 5*q + 4*h - 58. Suppose -s - q = -71. Is s a composite number?
True
Let w = 5 + -2. Suppose -2*l - 89 = -w*l. Is l composite?
False
Let r = -675 + 1762. Is r a prime number?
True
Suppose 7*b - 11*b - 120 = 0. Let g be (b/(-4))/((-6)/(-12)). Is 1839/g + 6/15 composite?
True
Let l(o) = -o**3 + 4*o - 3. Let n be l(2). Is 2/(-2)*327/n a prime number?
True
Suppose -4*h - 2*s = -14, -s = 2*h - 6*s - 13. Let q be (-4)/(-8) + 2/h. Let p(f) = 25*f. Is p(q) composite?
True
Suppose 2405 = -2*g + 7*g. Is g a prime number?
False
Suppose -5*p + 0*g - 3687 = g, 3*p - 3*g + 2205 = 0. Let i = -484 - p. Is i composite?
True
Suppose 0 = p - 0 - 1. Let n(b) = b - 4 + 0 - p + b**2. Is n(-4) composite?
False
Let t be (-1)/(-3) - (-196)/6. Suppose -d + t = 4*q - 100, -2*d = 4*q - 278. Is d a composite number?
True
Let m(n) = 582*n**2 + 1. Suppose 3*i - 9 = 3*q, -q + 3*i - 16 = -5. Is m(q) composite?
True
Let g(f) = -f + 1. Let z be g(1). Suppose z*a + 2595 = 3*a. Is a prime?
False
Let l(b) = -b + 6. Let v be l(3). Suppose 3*r - 224 = -4*c, -v*c + 3*r + 248 = c. Is c composite?
False
Let f = 6 + -12. Let n(s) = -51*s - 2. Let d be n(f). Suppose -5*v - 37 = -3*u - d, 5*v = -5*u + 235. Is v prime?
False
Let x(o) = o**3 - 11*o**2 + o - 5. Let h be x(11). Suppose 3 - h = -v. Suppose -3 + 24 = d + 2*w, d + v = 4*w. Is d a composite number?
False
Let l = -4 + 9. Suppose -l*b + 162 = j, -5*b = -j + 174 - 2. Suppose 3*v = -3*y + 41 + 91, -3*y = -4*v - j. Is y prime?
False
Let m = 108 - -11. Is m a prime number?
False
Let c(m) = -2*m**3 - 5 + 4*m - 4*m**2 + 6 + 0*m**2. Let t(p) = -p**2 - 2*p - 1. Let j be t(-3). Is c(j) composite?
True
Let t = 45 + -23. Is t a composite number?
True
Suppose -5*a - 9 = -g - 1, 5*a + 20 = 5*g. Suppose 0*t - d + 802 = -g*t, 5*t + 3*d = -1318. Let p = -121 - t. Is p a prime number?
False
Suppose 4*o + 326 = 4*s - 250, -164 = -s - 3*o. Is s a composite number?
False
Suppose 0 = -2*z - 5*h - 24, 2 = -h - 0. Let c(b) = b + 6. Let u be c(z). Let m = u - -7. Is m prime?
False
Suppose -2*l - 3*f = -383 - 92, 3*l = -3*f + 708. Is l prime?
True
Suppose 4 = o - 1. Suppose o = 2*v - v. Suppose 2*q = -v*g + 251, 5*q = 4*g - 133 - 48. Is g composite?
True
Let v(z) = z**3 + 5*z**2 - 5*z. Let q be v(-6). Let m be 2*((-15)/q + -2). Is 3/((m/7)/1) a prime number?
False
Let u = 15 - 10. Suppose -121 = -u*q + 894. Is q a prime number?
False
Suppose -47 = -5*t + 128. Suppose -210 = -l - 4*l. Let z = t + l. Is z a composite number?
True
Let l be (4 - 88)*(-18)/7. Suppose -6*g = -4*g + 2*r - 1196, -2*r + 2388 = 4*g. Suppose 4*i - l = g. Is i a prime number?
False
Is 48864/60 - 6/(-10) composite?
True
Let n(w) be the first derivative of w**6/72 - w**5/40 + w**4/8 - 2*w**3/3 + 1. Let k(v) be the third derivative of n(v). Is k(3) composite?
True
Let g be ((-3)/2)/(3/(-120)). Let n = g - 29. Is n a prime number?
True
Let a be (3/(-6) + -3)*2. Let s = 16 + a. Is s composite?
True
Let p(b) = 3589*b. Is p(1) a prime number?
False
Let l be (-12)/(-18)*(-834)/4. Let z = l + 83. Let b = z - -93. Is b a prime number?
True
Let n(r) = r**2 - 5*r - 9. Let u = 2 - 2. Suppose u = 2*b + 3 - 19. Is n(b) a prime number?
False
Suppose 4*w + 5*u - 532 = 2*u, 0 = 5*w + 2*u - 665. Is w prime?
False
Is (14/(-3))/((-2)/213) a prime number?
False
Let q = -5 - -8. Suppose j - 114 = -k, 92 = 2*k + q*j - 141. Is k a composite number?
False
Let x = 18 - 18. Suppose -3 = -3*o + 3. Is 178 + (-1 + o - x) prime?
True
Let w = 3 - -2. Let r = 0 - w. Let y(s) = -s + 1. Is y(r) prime?
False
Suppose -5*w - 5*b - 185 = 0, w + 0*b = -3*b - 31. Let f = 87 - w. Is f prime?
True
Suppose c = -2*c - 117. L